 of (-1 + -1)*b/(-6)?
3
Suppose 0 = 4*z - 0*z - 160. What is the units digit of z?
0
Let v = 3 - 1. Let l = v - 3. What is the units digit of 6/(-12)*(l - 9)?
5
Let m(y) = y**3 - 9*y**2 - 11*y + 12. Let q be m(10). Let n(k) = 2*k**3 - k**2 - 2*k. What is the units digit of n(q)?
8
Suppose 258 = 9*b - 561. What is the tens digit of b?
9
Let b(l) = l**2 + 5*l + 3. Let a be b(-3). Let t = a - -7. What is the units digit of t?
4
Suppose 3*f - 4 - 14 = 0. What is the units digit of f?
6
Suppose -3*p - 15 = 0, 5*z + 4*p + 19 = -11. What is the units digit of (z/(-3))/(2/6)?
2
Let g = 10 + -8. Suppose u - 72 = -g*u. What is the tens digit of u?
2
Suppose 8*d - 3*d - 195 = 0. What is the units digit of d?
9
Let v be 36 + ((-1)/(-1))/(-1). Suppose 3*f + 2*z = v, 13 = f - 4*z - 8. Suppose -f = -0*p + p - 4*o, 2*p = 4*o - 10. What is the units digit of p?
3
Let n be 8/5*2000/32. Suppose b = -3*g + 109, -4*g + n = -3*b - 54. What is the tens digit of g?
3
What is the tens digit of (0 + -1)/(1/(-55))?
5
Suppose -20 = -4*l - 60. Let s = l - -20. What is the tens digit of s?
1
Let g(t) = -t**2 + 5*t - 6. Let p be g(4). Let i(b) = 9*b**2 - b + 2. Let s be i(p). Suppose -5*r = -x - 2*x - 48, 4*r = 4*x + s. What is the units digit of r?
9
Let t = -10 + 15. Suppose 0 = -t*f + f - 5*u + 30, f + 5*u = 0. What is the tens digit of f?
1
Let n(u) = -u**2 + 31. Let q be n(6). Let m(p) = 4*p + p**3 + 2*p + 0 + 7*p**2 - 7. What is the units digit of m(q)?
3
Let g(d) = -3*d**3 - d**2 - 3*d + 2. Let o be g(2). Let p be o/(-12) + 2/6. What is the tens digit of 10*p/(-8)*-4?
1
Let m = 6 - 11. Let b(r) = -2*r + 7. What is the units digit of b(m)?
7
Let m = -3 - -6. Suppose -4*w + m*w = -26. What is the units digit of w?
6
Let s(b) = -b + 10. Let a be s(0). What is the tens digit of ((-16)/a)/(10/(-125))?
2
Let q = 69 + -41. What is the units digit of q?
8
Let g(r) = -r**3 - 23*r**2 - 35*r - 44. What is the units digit of g(-22)?
2
Let f = 207 - 117. What is the units digit of f?
0
Suppose 5*s - 30 = -4*v + 3, 5*s - 15 = 5*v. Let f(u) = -2*u**2 - 16*u - 9. Let n be f(-7). Suppose n*h + v = 12. What is the units digit of h?
2
Suppose 0 = 5*o - 44 - 56. What is the units digit of o?
0
Let z(n) = n**2 - 4*n + 2. Let h be z(4). Suppose -3*q = -h - 4. Suppose 3*y = y + q. What is the units digit of y?
1
Let l = 25 + -23. Suppose 3*c = l*c + 54. What is the tens digit of c?
5
Let n be 32/3 - (-22)/(-33). Let x = -9 + n. What is the units digit of x?
1
Suppose a - 3 = -7. What is the units digit of (a - -2)/4*-8?
4
Let i = -14 + 20. Let l be i/(-15) + (-3)/5. Let t = 0 - l. What is the units digit of t?
1
Suppose -5*u + 137 = -2*u + 4*x, -4*u + 4*x = -136. What is the units digit of u?
9
Let t = -3 + 42. What is the tens digit of t?
3
Let a be (2 + 0)/2*0. Suppose -3*w + 3*v = -21, a = -5*w + w - 2*v - 2. Suppose -w*k - 2*k - f + 5 = 0, -2*f = -2*k. What is the units digit of k?
1
Suppose 18 = -5*l - 3*a, 5*l + 6 + 10 = -a. Suppose v - 2*c = -124, 4*v = 3*c + 25 - 511. What is the units digit of 1/(l - v/39)?
3
Suppose -n + 5*c - 118 = -4*n, 2*c = n - 43. What is the tens digit of n?
4
What is the hundreds digit of 232 - (-2 + 2) - -5?
2
Let g(o) = -o**2 - 8*o + 5. Suppose p = 6*p. Suppose 3*k = z + 3*z + 28, p = -2*k. What is the units digit of g(z)?
2
Let q be (-2)/(-6) - (-25)/(-3). Suppose -77 = 4*w + 3*s - 4*s, -3*w = -5*s + 79. Let b = q - w. What is the units digit of b?
0
Suppose -3*z + 160 - 55 = 0. Let l = -10 + z. Let x = l + -14. What is the units digit of x?
1
Suppose -3*b = 16*b - 2261. What is the tens digit of b?
1
Suppose -l + 16 = 3*f, -15 = -3*l + f + 13. Let v = l + 3. What is the units digit of v?
3
Suppose c - 193 = -4*q + 27, 110 = 2*q - c. What is the tens digit of q?
5
What is the units digit of 228/3 - 6/6?
5
Let k be (-24)/(-11) - (-18)/(-99). Suppose 52 = k*v - 0*v. What is the units digit of v?
6
Suppose -2*s + 2*z = 118, -5*z = -2*s - 116 - 14. Let i = s - -77. What is the units digit of i?
2
Let y = 61 - 37. Suppose 3*z - y = 3*g + 9, -3*z + 26 = 4*g. Let f = 20 - z. What is the units digit of f?
0
Let f = -22 - -34. What is the units digit of f?
2
Suppose g - 21 = -3*g - 3*c, 5*g - 2*c = 9. Let i(x) = -2*x**2 + 4*x**g + 2*x - 2*x**3 - 3*x. What is the units digit of i(2)?
6
Let t be ((-6)/7)/(3/(-21)). Let k(d) = d**2 + 5*d + 3. Let c be k(-4). Let y = t - c. What is the units digit of y?
7
Suppose -3*f + 6 + 21 = 0. What is the units digit of 2/f - (-122)/18?
7
Suppose 14*y + 8 = 15*y. What is the units digit of y?
8
Suppose -6*i + 5*i = -33. What is the units digit of i?
3
Let h(u) = -2*u**2 - u - 2. Let m be h(-2). Let d(s) = -s + 4. What is the units digit of d(m)?
2
Let f(k) = -k**2 + 1. Let w(o) = -6 + 3 - o - o**2 - 6*o**2. Let h(x) = 6*f(x) - w(x). What is the units digit of h(0)?
9
Suppose 0 = 6*g + 6 - 42. What is the tens digit of 3/g + 87/2?
4
Let x be 13*(0 - (-3 + 2)). Suppose 5*p - x - 12 = 0. What is the units digit of p?
5
Let f(x) = -x + 27. What is the tens digit of f(11)?
1
Let h be -4*(-1)/2*2. Let g = h - -1. What is the units digit of g?
5
Suppose -3*w + 74 = -w. What is the tens digit of w?
3
Let v(w) = 19*w - 2. What is the units digit of v(4)?
4
Let p(m) = -m**2 - 9*m - 9. Let u be p(-6). Let w be 22/(-4) + (-4)/(-8). Let b = w + u. What is the units digit of b?
4
Let s(p) = -p + 4. Let m be s(8). Let y be 2/6 - m/6. Suppose 3*v = 5 + y. What is the units digit of v?
2
Let x(m) = 2*m**2 - 7*m - 8. Let y be x(-6). Suppose -y + 29 = -4*h + v, 1 = -v. What is the units digit of h?
9
Let r be (-6)/18 + 16/(-6). What is the units digit of (24/(-3))/(6/r)?
4
Let q(y) = y**2 - 3*y - 15. What is the tens digit of q(8)?
2
Let l = 23 - 39. Let r be (-2)/6 - l/3. Suppose -r*p + n + 13 = 0, 2*n - 7*n = p + 13. What is the units digit of p?
2
Let a(g) = 4 + g**3 - 4 + 6*g + 0 + 4 + 7*g**2. Let l be a(-6). Suppose -l*y = -19 - 49. What is the tens digit of y?
1
What is the units digit of (-7 + 3 + 3)/((-2)/458)?
9
Suppose 29*y - 15 = 28*y. Let v be (4/(-10))/((-2)/(-10)). Let r = y + v. What is the tens digit of r?
1
Let q(b) = b**3 - 5*b**2 - 12*b + 12. What is the tens digit of q(9)?
2
Suppose 0 = -5*m + 15 + 5. Suppose -m*o = 5*c - 39, 0 = 3*o - 6*o + 3*c + 36. What is the units digit of o?
1
Let o be (-609)/(-14)*8/(-3). Suppose -3*a + 2*a - 14 = 0. What is the units digit of o/a + 4/(-14)?
8
Let m be (6*-1)/(1 - 0). Let i = 11 + m. Let g(v) = -v**3 + 5*v**2 + 3*v - 7. What is the units digit of g(i)?
8
Let j = 2 - 0. Suppose j*a + 4*x + 20 = 0, -2*x + 5 = -3*a - 3*x. Suppose -42 = -2*z - a*z. What is the tens digit of z?
2
Let s(v) = -v**3 + 5*v**2 + 3*v + 11. What is the tens digit of s(5)?
2
What is the hundreds digit of ((-580)/(-6) - 0)*(-330)/(-275)?
1
What is the units digit of (14/5 + 2)/(9/30)?
6
Suppose 5*w = 21 + 29. What is the tens digit of w?
1
Let l = -4 + 6. Let k be 1*8*1/l. Suppose k*b + 2*x = -3*x - 5, 0 = 3*x + 15. What is the units digit of b?
5
What is the units digit of (170/(-3))/(2/(-3))?
5
Suppose -90 = -4*b + 2*y + 96, -33 = -b - 4*y. Let a = b - 23. What is the units digit of a?
2
Let u = 107 - 62. Let q = -27 + u. Suppose -3*i + 2*i + 2*m = 3, -4*i = 2*m - q. What is the units digit of i?
3
What is the tens digit of ((-192)/(-3))/1 - 1?
6
Let h(a) = -21*a - 5. What is the tens digit of h(-2)?
3
Let b(d) = -d**3 - 3*d**2 + 5*d + 6. Suppose 4*k + 5 - 101 = 0. Suppose 2*q + 3 = q, -4*q - k = 3*h. What is the units digit of b(h)?
2
Let d(c) = c**3 + c**2 + c + 15. Let u be d(0). What is the units digit of 2/(1 - 9/u)?
5
Suppose 0 = 5*d - 3 - 2. Let z be d/5 - 36/(-20). Suppose -5*y = -8 - z. What is the units digit of y?
2
Let s(r) = -5*r**3 + r + 1. Let i = 2 - 3. Let d be s(i). Suppose -13 + 103 = d*l. What is the units digit of l?
8
Let g(v) = v**2 + 5*v - 37. What is the hundreds digit of g(12)?
1
Let m = 368 - 166. What is the units digit of m?
2
Let l(b) = -2*b + 3. Let j be l(-8). Suppose 2*s + 10 = 2*d, -s - 9 = d - 3*d. Suppose -j = -o - 0*o - d*q, q = 2*o - 11. What is the units digit of o?
7
Suppose -9*n + 4*n + 425 = 0. What is the units digit of n?
5
Let c = -76 + 209. What is the hundreds digit of c?
1
Suppose 10 = 5*w - 0*w. Suppose -6 = -w*j - m, 0 = 4*j - 0*j - 3*m + 8. What is the units d